7
What are the prime factors of 180817?
7, 13, 1987
List the prime factors of 2299.
11, 19
List the prime factors of 8673.
3, 7, 59
What are the prime factors of 1459?
1459
What are the prime factors of 147333?
3, 67, 733
What are the prime factors of 2292?
2, 3, 191
List the prime factors of 2372.
2, 593
What are the prime factors of 42?
2, 3, 7
What are the prime factors of 272?
2, 17
What are the prime factors of 2940?
2, 3, 5, 7
What are the prime factors of 25399?
11, 2309
List the prime factors of 10185.
3, 5, 7, 97
What are the prime factors of 3059?
7, 19, 23
List the prime factors of 449.
449
What are the prime factors of 6209?
7, 887
List the prime factors of 1143.
3, 127
What are the prime factors of 3003?
3, 7, 11, 13
List the prime factors of 29321.
109, 269
What are the prime factors of 54?
2, 3
List the prime factors of 3103.
29, 107
List the prime factors of 1461.
3, 487
What are the prime factors of 1913?
1913
List the prime factors of 11076.
2, 3, 13, 71
List the prime factors of 266.
2, 7, 19
List the prime factors of 343.
7
List the prime factors of 21540.
2, 3, 5, 359
What are the prime factors of 268?
2, 67
What are the prime factors of 1750?
2, 5, 7
What are the prime factors of 45212?
2, 89, 127
List the prime factors of 81144.
2, 3, 7, 23
What are the prime factors of 409?
409
What are the prime factors of 11571?
3, 7, 19, 29
List the prime factors of 5502.
2, 3, 7, 131
What are the prime factors of 2678?
2, 13, 103
What are the prime factors of 13384?
2, 7, 239
List the prime factors of 2256.
2, 3, 47
What are the prime factors of 33?
3, 11
What are the prime factors of 21774?
2, 3, 19, 191
What are the prime factors of 13536?
2, 3, 47
List the prime factors of 1829.
31, 59
List the prime factors of 1013.
1013
What are the prime factors of 77?
7, 11
List the prime factors of 4094.
2, 23, 89
List the prime factors of 107.
107
What are the prime factors of 2389?
2389
What are the prime factors of 908?
2, 227
List the prime factors of 1043.
7, 149
What are the prime factors of 1944?
2, 3
List the prime factors of 1357.
23, 59
List the prime factors of 6061.
11, 19, 29
List the prime factors of 154.
2, 7, 11
List the prime factors of 1356.
2, 3, 113
List the prime factors of 8090.
2, 5, 809
What are the prime factors of 4095?
3, 5, 7, 13
What are the prime factors of 44638?
2, 11, 2029
What are the prime factors of 18192?
2, 3, 379
What are the prime factors of 5632?
2, 11
What are the prime factors of 2619?
3, 97
What are the prime factors of 15140?
2, 5, 757
List the prime factors of 341.
11, 31
List the prime factors of 1385.
5, 277
What are the prime factors of 251?
251
What are the prime factors of 187?
11, 17
What are the prime factors of 91262?
2, 45631
List the prime factors of 3122.
2, 7, 223
What are the prime factors of 5634?
2, 3, 313
What are the prime factors of 1078?
2, 7, 11
What are the prime factors of 489?
3, 163
What are the prime factors of 1614?
2, 3, 269
What are the prime factors of 1417?
13, 109
List the prime factors of 14302.
2, 7151
What are the prime factors of 1223?
1223
List the prime factors of 103067.
103067
What are the prime factors of 41680?
2, 5, 521
List the prime factors of 648.
2, 3
What are the prime factors of 920?
2, 5, 23
List the prime factors of 11818.
2, 19, 311
List the prime factors of 282.
2, 3, 47
What are the prime factors of 14685?
3, 5, 11, 89
What are the prime factors of 36?
2, 3
What are the prime factors of 1940?
2, 5, 97
List the prime factors of 2725.
5, 109
List the prime factors of 75565.
5, 7, 17, 127
What are the prime factors of 16195?
5, 41, 79
What are the prime factors of 3726?
2, 3, 23
What are the prime factors of 1307?
1307
What are the prime factors of 65772?
2, 3, 7, 29
What are the prime factors of 9129?
3, 17, 179
What are the prime factors of 2302?
2, 1151
What are the prime factors of 43345?
5, 8669
What are the prime factors of 6047?
6047
List the prime factors of 15148.
2, 7, 541
What are the prime factors of 895?
5, 179
List the prime factors of 964.
2, 241
List the prime factors of 52842.
2, 3, 8807
What are the prime factors of 692?
2, 173
List the prime factors of 6122.
2, 3061
List the prime factors of 547.
547
What are the prime factors of 90591?
3, 30197
List the prime factors of 1319.
1319
List the prime factors of 1820.
2, 5, 7, 13
List the prime factors of 7576.
2, 947
List the prime factors of 6849.
3, 761
What are the prime factors of 18401?
18401
List the prime factors of 4171.
43, 97
What are the prime factors of 50650?
2, 5, 1013
List the prime factors of 2441.
2441
List the prime factors of 4205.
5, 29
What are the prime factors of 24387?
3, 11, 739
List the prime factors of 2716.
2, 7, 97
List the prime factors of 439.
439
List the prime factors of 10050.
2, 3, 5, 67
List the prime factors of 28704.
2, 3, 13, 23
List the prime factors of 14803.
113, 131
List the prime factors of 1078.
2, 7, 11
What are the prime factors of 6785?
5, 23, 59
List the prime factors of 15336.
2, 3, 71
What are the prime factors of 1246?
2, 7, 89
List the prime factors of 2821.
7, 13, 31
List the prime factors of 93698.
2, 11, 4259
List the prime factors of 40091.
47, 853
List the prime factors of 63.
3, 7
What are the prime factors of 42933?
3, 11, 1301
List the prime factors of 1126.
2, 563
What are the prime factors of 2408?
2, 7, 43
What are the prime factors of 1636?
2, 409
What are the prime factors of 11186?
2, 7, 17, 47
List the prime factors of 56441.
7, 11, 733
List the prime factors of 18932.
2, 4733
List the prime factors of 1755.
3, 5, 13
What are the prime factors of 3160?
2, 5, 79
What are the prime factors of 48?
2, 3
What are the prime factors of 1317?
3, 439
List the prime factors of 12354.
2, 3, 29, 71
List the prime factors of 12700.
2, 5, 127
What are the prime factors of 2320?
2, 5, 29
List the prime factors of 1811.
1811
List the prime factors of 10583.
19, 557
List the prime factors of 33005.
5, 7, 23, 41
What are the prime factors of 18134?
2, 9067
List the prime factors of 12252.
2, 3, 1021
What are the prime factors of 54140?
2, 5, 2707
List the prime factors of 1821.
3, 607
What are the prime factors of 2647?
2647
What are the prime factors of 15706?
2, 7853
List the prime factors of 1475.
5, 59
List the prime factors of 7619.
19, 401
What are the prime factors of 36794?
2, 18397
What are the prime factors of 4291?
7, 613
What are the prime factors of 23233?
7, 3319
List the prime factors of 3933.
3, 19, 23
List the prime factors of 7117.
11, 647
List the prime factors of 1156.
2, 17
List the prime factors of 46669.
7, 59, 113
List the prime factors of 1597.
1597
What are the prime factors of 23805?
3, 5, 23
List the prime factors of 746.
2, 373
What are the prime factors of 1071?
3, 7, 17
What are the prime factors of 604?
2, 151
List the prime factors of 641.
641
What are the prime factors of 2361?
3, 787
List the prime factors of 1267.
7, 181
List the prime factors of 141.
3, 47
List the prime factors of 537.
3, 179
List the prime factors of 42116.
2, 10529
What are the prime factors of 1913?
1913
List the prime factors of 85127.
7, 12161
List the prime factors of 25939.
25939
List the prime factors of 1107.
3, 41
List the prime factors of 171.
3, 19
List the prime factors of 50386.
2, 7, 59, 61
List the prime factors of 7891.
13, 607
List the prime factors of 6830.
2, 5, 683
List the prime factors of 8772.
2, 3, 17, 43
What are the prime factors of 1651?
13, 127
What are the prime factors of 37492?
2, 7, 13, 103
List the prime factors of 107327.
11, 887
What are the prime factors of 2544?
2, 3, 53
List the prime factors of 5689.
5689
What are the prime factors of 2665?
5, 13, 41
What are the prime factors of 2821?
7, 13, 31
What are the prime factors of 2477?
2477
What are the prime factors of 648?
2, 3
List the prime factors of 26238.
2, 3, 4373
What are the prime factors of 6121?
6121
List the prime factors of 55366.
2, 19, 31, 47
List the prime factors of 171369.
3, 11, 577
List the prime factors of 2252.
2, 563
List the prime factors of 1484.
2, 7, 53
List the prime factors of 5942.
2, 2971
What are the prime factors of 729?
3
List the prime factors of 175.
5, 7
List the prime factors of 877.
877
List the prim